culate u(-32).
-74
Let b(n) = -2*n**2 + 593*n - 1181. Calculate b(2).
-3
Let l(k) = 2*k**3 - 42*k**2 + 401*k - 8426. What is l(21)?
-5
Let v(r) = -5*r**2 + 13*r + 71. Calculate v(-5).
-119
Let p(w) = -14*w**2 - 32*w + 75. Determine p(-4).
-21
Let k(x) = 8*x**3 - 7*x**2 + 4*x - 1. Determine k(1).
4
Let r(h) = -3*h**2 + 14*h - 105. Determine r(5).
-110
Let i(h) = -h**3 - 68*h**2 + 219*h + 5. Determine i(-71).
-421
Let w(l) = -9*l**2 + 1462*l + 816. What is w(163)?
1
Let t(i) = i**3 - 12*i**2 + 36*i. Give t(7).
7
Let m(u) = -1411*u - 7257. What is m(-5)?
-202
Let t(k) = 35*k + 1779. Give t(-51).
-6
Let u(b) = 221*b - 2923. Give u(13).
-50
Let a(f) = -13*f**2 - 169*f + 5. Determine a(-13).
5
Let f(n) = 2*n**3 + 15*n**2 - 48*n - 281. Give f(-8).
39
Let y(n) = -2*n**3 - 19*n**2 - 7*n + 12. Determine y(-9).
-6
Let h(j) = j + 63. Calculate h(6).
69
Let c(r) = -r**3 - 12*r**2 - 276*r - 4802. What is c(-15)?
13
Let g(o) = 4*o**3 + 48*o**2 - 59*o - 85. Give g(-13).
6
Let p(i) = -16*i**2 + 222*i - 17. Calculate p(14).
-45
Let h(v) = v**3 - v**2 - 132*v + 259. What is h(2)?
-1
Let d(o) = 18*o - 1305. Calculate d(71).
-27
Let u(y) = 16*y - 233. Determine u(12).
-41
Let w(x) = -56*x + 539. Determine w(11).
-77
Let r(t) = 16*t**2 + 260*t + 520. Give r(-2).
64
Let r(s) = -s**2 + 10*s + 59. What is r(13)?
20
Let p(q) = -q - 67. Determine p(22).
-89
Let c(g) = 4763*g - 61942. What is c(13)?
-23
Let r(t) = -50*t - 23. What is r(1)?
-73
Let n(h) = -46*h**2 + 47*h + 47. Calculate n(-1).
-46
Let o(a) = -a**2 + 897*a + 83454. Determine o(-85).
-16
Let o(q) = q**3 + 15*q**2 - 27*q + 111. What is o(-17)?
-8
Let k(x) = 270*x - 317. Calculate k(3).
493
Let n(w) = 4*w**2 - 27*w - 37. What is n(8)?
3
Let l(y) = 209*y - 841. What is l(4)?
-5
Let o(g) = g**3 + 51*g**2 + 189*g + 45. Calculate o(-47).
-2
Let g(x) = -x**3 + 23*x**2 - 42*x - 70. Give g(21).
-70
Let f(b) = 4*b - 183. Determine f(46).
1
Let x(b) = -b**2 + 26*b + 269. What is x(34)?
-3
Let q(j) = -j**2 - 58*j - 547. Give q(-13).
38
Let v(x) = -10*x**2 - 689*x + 78. Calculate v(-69).
9
Let r(u) = u**3 - 22*u**2 - 24*u - 45. Calculate r(23).
-68
Let g(j) = -14*j - 1659. What is g(-106)?
-175
Let m(a) = -24*a**2 + 869*a - 145. Calculate m(36).
35
Let l(y) = -y**2 - 93*y + 1537. Calculate l(15).
-83
Let f(o) = 8*o**2 - 10*o + 6. Calculate f(7).
328
Let t(x) = 7*x**2 - 86*x - 900. Give t(19).
-7
Let a(w) = -2*w**3 - 9*w**2 + 66*w - 65. Determine a(7).
-730
Let d(t) = -t**2 + 21*t - 76. What is d(8)?
28
Let t(j) = j**3 + 11*j**2 - 21*j + 69. Give t(-13).
4
Let n(m) = 21*m**2 - 229*m + 463. Determine n(2).
89
Let i(s) = 72*s + 1482. What is i(-26)?
-390
Let g(t) = 182*t + 4180. What is g(-23)?
-6
Let m(h) = -h**2 - 17*h + 1104. Give m(-43).
-14
Let x(l) = -6*l**2 + 301*l - 53. What is x(50)?
-3
Let f(y) = 87*y + 242. What is f(-5)?
-193
Let c(r) = r**3 - 62*r**2 + 62*r - 205. What is c(61)?
-144
Let o(n) = n**3 + 93*n**2 - 97*n - 287. What is o(-94)?
-5
Let t(v) = 358*v + 1397. Determine t(-4).
-35
Let u(o) = -99*o + 264. Calculate u(3).
-33
Let v(k) = 14*k**2 - 66*k + 60. Determine v(-7).
1208
Let q(h) = -h**3 - 2*h**2 + 6*h - 68. Determine q(0).
-68
Let u(n) = n**2 + 6*n + 64. Calculate u(-8).
80
Let b(p) = -2*p**2 - 69*p - 563. Calculate b(-20).
17
Let p(l) = -36*l**2 - 25*l + 68. Calculate p(2).
-126
Let i(r) = 2*r**3 - 2*r**2 + 8*r + 16. Calculate i(-2).
-24
Let c(s) = -7*s**2 - 22*s + 79. Determine c(5).
-206
Let s(d) = d**3 - 3*d**2 - 6*d + 291. Calculate s(-6).
3
Let f(q) = -969*q + 51360. What is f(53)?
3
Let u(y) = 1810*y - 7124. Calculate u(4).
116
Let l(o) = -o**3 + o**2 + 213*o - 1163. Determine l(11).
-30
Let j(x) = -x**2 + 9044*x + 81476. Determine j(-9).
-1
Let m(h) = h**2 + 68*h + 947. Determine m(-19).
16
Let a(y) = y**3 - 17*y**2 - 4*y + 51. What is a(17)?
-17
Let g(f) = -f**3 - 27*f**2 + 37*f + 1634. Determine g(-26).
-4
Let h(y) = 36*y + 1328. What is h(-37)?
-4
Let p(m) = -m**3 - 50*m**2 + 106*m + 2794. Give p(-51).
-11
Let a(m) = 1949*m - 87692. Calculate a(45).
13
Let j(d) = -d**3 + 26*d**2 - 111*d + 73. Determine j(4).
-19
Let s(y) = 64*y**2 + 178*y + 30. Determine s(-3).
72
Let v(p) = -p**2 + 25*p - 13. What is v(22)?
53
Let m(s) = -s**3 - 57*s**2 - 797*s - 23. Calculate m(-31).
-302
Let p(a) = 50*a - 1109. What is p(22)?
-9
Let y(g) = g**3 + 223*g**2 + 228*g + 1330. Determine y(-222).
-2
Let k(f) = 16*f**2 - 234*f + 341. Calculate k(13).
3
Let m(c) = -c**2 + 7*c - 17. What is m(0)?
-17
Let l(y) = 3*y**3 + 48*y**2 + 2*y + 34. Give l(-16).
2
Let u(k) = -1029*k + 1012. What is u(1)?
-17
Let k(a) = -a**3 - 14*a**2 + 18*a + 176. Give k(-15).
131
Let g(t) = 6*t + 241. Determine g(-40).
1
Let p(v) = -v**2 - 253*v - 20. Calculate p(0).
-20
Let o(v) = -2*v**2 + 34*v - 658. Give o(14).
-574
Let q(w) = -155*w + 325. What is q(2)?
15
Let f(k) = 92*k - 4047. Determine f(44).
1
Let b(s) = 25*s**2 - 943*s - 938. Determine b(-1).
30
Let j(r) = -r**3 + 143*r**2 + 89*r + 7906. What is j(144)?
-14
Let y(g) = -2*g**2 + 32*g + 179. Give y(22).
-85
Let x(y) = -y**3 + 12*y**2 + 79*y - 1171. Calculate x(12).
-223
Let a(k) = -2*k**3 - 27*k**2 - 43*k - 7. What is a(-10)?
-277
Let a(p) = -p**3 + 20*p**2 - 100*p + 222. What is a(14)?
-2
Let s(l) = 31*l - 4330. What is s(139)?
-21
Let d(j) = -3*j**2 + 22*j + 15. What is d(10)?
-65
Let d(w) = -w**3 - 21*w**2 - 3*w + 18. Calculate d(-18).
-900
Let l(f) = -3*f**2 - 13*f + 27. What is l(-7)?
-29
Let l(f) = f**3 + f**2 - 21*f + 40. Determine l(3).
13
Let a(b) = -24*b - 2019. Give a(-84).
-3
Let g(y) = 3*y**3 - 57*y**2 + y + 26. What is g(19)?
45
Let n(l) = 12*l**2 - 100*l + 117. What is n(7)?
5
Let o(g) = -g**2 + 198*g + 964. Calculate o(-5).
-51
Let p(u) = 31*u + 6. Give p(5).
161
Let j(i) = -999*i + 2993. Calculate j(3).
-4
Let p(w) = -w**2 - 3*w + 214. Calculate p(-18).
-56
Let r(n) = -64*n**2 + 3*n + 25. Calculate r(0).
25
Let l(j) = j**3 + 3*j**2 - 33*j + 131. Give l(0).
131
Let a(g) = -44*g - 252. Give a(-5).
-32
Let o(z) = -z**2 - 103*z - 865. What is o(-9)?
-19
Let c(i) = -2*i**2 - 5*i + 102. Give c(6).
0
Let n(i) = -i**3 - 2*i**2 + 83*i + 171. What is n(-2)?
5
Let w(f) = -48*f + 393. Calculate w(8).
9
Let z(v) = -v**3 + 99*v**2 - 110*v + 1232. What is z(98)?
56
Let x(o) = o**3 - 19*o**2 - o + 66. What is x(18)?
-276
Let v(n) = 4*n**2 - 18*n - 227. Give v(10).
-7
Let g(b) = -b**3 + 18*b**2 + 32*b + 131. What is g(20)?
-29
Let a(l) = 134*l - 806. Determine a(6).
-2
Let q(v) = -535*v + 20317. What is q(38)?
-13
Let a(r) = -2*r**3 - 53*r**2 + 18*r - 259. Calculate a(-27).
-16
Let o(h) = -249*h - 4244. Calculate o(-17).
-11
Let n(p) = -p**3 - 83*p**2 - 195*p - 2702. Give n(-81).
-29
Let n(j) = -2*j**2 - 206*j - 2343. Determine n(-13).
-3
Let c(z) = -17*z**3 - 8*z**2 + 13*z + 15. Determine c(-1).
11
Let r(n) = 6*n**2 + 14*n - 16. Calculate r(-3).
-4
Let p(d) = -d**2 + 182*d + 1739. Determine p(-9).
20
Let v(c) = -21*c**2 + 4*c + 2. Determine v(2).
-74
Let v(b) = -8*b**2 + b - 3. Give v(5).
-198
Let j(m) = -3*m**3 - 28*m**2 - 77*m - 49. Determine j(-1).
3
Let t(l) = l**3 - 31*l**2 + 83*l - 765. What is t(29)?
-40
Let l(x) = -3*x**3 + x**2 + 6*x + 16. Calculate l(-4).
200
Let t(y) = -191*y + 3051. Give t(16).
-5
Let s(y) = -y**3 + 13*y**2 - 29*y - 46. What is s(9)?
17
Let l(k) = -4*k**2 + 24*k - 25. Give l(1).
-5
Let n(r) = -2*r**2 - 95*r + 1427. Give n(-59).
70
Let g(u) = 10*u**2 + 28*u - 101. Give g(2).
-5
Let w(q) = 3*q**2 - 15*q + 21. What is w(7)?
63
Let u(g) = -2*g + 96. Calculate u(52).
-8
Let m(o) = o**2 - 30*o + 132. What is m(10)?
-68
Let f(i) = 15*i**2 + 1363*i - 193. Give f(-91).
-11
Let z(s) = 5*s**2 - 1101*s - 5493. Give z(-5).
137
Let k(h) = -2*h**2 + 108*h - 1044. Give k(42).
-36
Let b(f) = f**2 + 381*f - 1961. Determine b(5).
-31
Let d(x) = 305*x**2 + 10*x + 10. Determine d(-1).
305
Let q(k) = 6*k + 108. Give q(-27).
-54
Let k(a) = -15*a**2 + 39*a - 211. Determine k(6).
-517
Let q(c) = 2*c**2 - 22*c - 9. Calculate q(14).
75
Let l(w) = -207*w - 7029. What is l(-34)?
9
Let j(k) = 2*k**2 - 4033*k + 48117. Determine j(12).
9
Let a(k) = k**3 + 41*k**2 - k - 75. What is a(-41)?
-34
Let w(t) = t**3 - 14*t**2 + 9*t - 50. What is w(5)?
-230
Let u(j) = j**3 + 18*j**2 - 120*j - 2159. What is u(-18)?
1
Let f(i) = i**3 + 18*i**2 - 42*i + 8. Calculate f(-20).
48
Let j(c